39
What is the remainder when 16381 is divided by 3926?
677
What is the remainder when 14936 is divided by 2978?
46
What is the remainder when 4116 is divided by 23?
22
Calculate the remainder when 72072 is divided by 2252.
8
Calculate the remainder when 13057 is divided by 686.
23
Calculate the remainder when 29951 is divided by 14938.
75
Calculate the remainder when 27288 is divided by 12546.
2196
Calculate the remainder when 6643 is divided by 42.
7
Calculate the remainder when 762041 is divided by 101.
97
What is the remainder when 1171 is divided by 334?
169
Calculate the remainder when 47882 is divided by 59.
33
What is the remainder when 114 is divided by 103?
11
What is the remainder when 3844 is divided by 205?
154
Calculate the remainder when 14116 is divided by 51.
40
What is the remainder when 30002 is divided by 698?
686
Calculate the remainder when 1927 is divided by 4.
3
Calculate the remainder when 3622908 is divided by 23.
17
What is the remainder when 2905 is divided by 411?
28
What is the remainder when 1257058 is divided by 20?
18
What is the remainder when 697043 is divided by 174259?
7
What is the remainder when 6876 is divided by 574?
562
Calculate the remainder when 20780 is divided by 86.
54
What is the remainder when 4656 is divided by 1273?
837
Calculate the remainder when 16912 is divided by 398.
196
Calculate the remainder when 6434 is divided by 146.
10
Calculate the remainder when 2867 is divided by 549.
122
What is the remainder when 58955 is divided by 70?
15
What is the remainder when 2709 is divided by 698?
615
Calculate the remainder when 46759 is divided by 23378.
3
What is the remainder when 642951 is divided by 66?
45
What is the remainder when 5446 is divided by 260?
246
Calculate the remainder when 30178 is divided by 53.
21
What is the remainder when 7293 is divided by 572?
429
What is the remainder when 5102 is divided by 2498?
106
Calculate the remainder when 1126 is divided by 590.
536
Calculate the remainder when 82859 is divided by 2.
1
What is the remainder when 4160 is divided by 133?
37
Calculate the remainder when 214155 is divided by 148.
147
Calculate the remainder when 541 is divided by 250.
41
What is the remainder when 74950 is divided by 32?
6
What is the remainder when 1567 is divided by 1420?
147
Calculate the remainder when 12872 is divided by 113.
103
Calculate the remainder when 100967 is divided by 50.
17
What is the remainder when 1362 is divided by 229?
217
What is the remainder when 59978 is divided by 29987?
4
What is the remainder when 91038 is divided by 91008?
30
Calculate the remainder when 415305 is divided by 27.
18
What is the remainder when 1242 is divided by 177?
3
Calculate the remainder when 134948 is divided by 33737.
0
What is the remainder when 10553 is divided by 622?
601
Calculate the remainder when 2966 is divided by 22.
18
Calculate the remainder when 223391 is divided by 127.
125
Calculate the remainder when 158420 is divided by 489.
473
What is the remainder when 5992 is divided by 165?
52
What is the remainder when 710264 is divided by 26?
22
What is the remainder when 962174 is divided by 12?
2
Calculate the remainder when 3768 is divided by 15.
3
What is the remainder when 1144 is divided by 137?
48
What is the remainder when 2189 is divided by 366?
359
What is the remainder when 228623 is divided by 244?
239
Calculate the remainder when 27666 is divided by 254.
234
Calculate the remainder when 897258 is divided by 340.
338
What is the remainder when 9135 is divided by 13?
9
Calculate the remainder when 9998 is divided by 89.
30
What is the remainder when 1596 is divided by 209?
133
What is the remainder when 90616 is divided by 54?
4
What is the remainder when 1707 is divided by 115?
97
What is the remainder when 154636 is divided by 213?
211
Calculate the remainder when 218958 is divided by 24325.
33
What is the remainder when 103642 is divided by 122?
64
Calculate the remainder when 4663 is divided by 36.
19
Calculate the remainder when 8182 is divided by 174.
4
Calculate the remainder when 13762 is divided by 1250.
12
Calculate the remainder when 1029600 is divided by 2051.
2049
Calculate the remainder when 52788 is divided by 17594.
6
Calculate the remainder when 4798 is divided by 74.
62
What is the remainder when 541 is divided by 393?
148
What is the remainder when 8171771 is divided by 13?
10
What is the remainder when 3011 is divided by 170?
121
What is the remainder when 15991512 is divided by 11?
9
Calculate the remainder when 17711 is divided by 8824.
63
Calculate the remainder when 139023 is divided by 952.
31
Calculate the remainder when 2699 is divided by 1338.
23
What is the remainder when 38018 is divided by 1901?
1899
What is the remainder when 180913 is divided by 30150?
13
What is the remainder when 664238 is divided by 332109?
20
Calculate the remainder when 1337707 is divided by 10.
7
Calculate the remainder when 448775 is divided by 1457.
19
Calculate the remainder when 1754436 is divided by 2218.
2216
What is the remainder when 193794 is divided by 68?
62
Calculate the remainder when 36291 is divided by 330.
321
What is the remainder when 3458 is divided by 57?
38
Calculate the remainder when 419391 is divided by 32.
31
Calculate the remainder when 251 is divided by 84.
83
Calculate the remainder when 4296 is divided by 2132.
32
What is the remainder when 547993 is divided by 172?
1
Calculate the remainder when 44546 is divided by 11133.
14
What is the remainder when 1432 is divided by 183?
151
Calculate the remainder when 8020 is divided by 8018.
2
What is the remainder when 175898 is divided by 6765?
8
What is the remainder when 2731885 is divided by 87?
85
Calculate the remainder when 1538 is divided by 118.
4
What is the remainder when 334498 is divided by 50?
48
What is the remainder when 38974 is divided by 336?
334
What is the remainder when 962 is divided by 188?
22
Calculate the remainder when 33226 is divided by 102.
76
Calculate the remainder when 39777 is divided by 141.
15
Calculate the remainder when 1366650 is divided by 123.
120
What is the remainder when 7596 is divided by 2387?
435
What is the remainder when 7720 is divided by 117?
115
What is the remainder when 1730 is divided by 36?
2
Calculate the remainder when 84357 is divided by 594.
9
Calculate the remainder when 56954 is divided by 324.
254
What is the remainder when 311674 is divided by 604?
10
What is the remainder when 193919 is divided by 1901?
17
What is the remainder when 46091 is divided by 276?
275
Calculate the remainder when 47711 is divided by 47623.
88
Calculate the remainder when 13079 is divided by 813.
71
Calculate the remainder when 4950 is divided by 254.
124
What is the remainder when 19852 is divided by 19850?
2
What is the remainder when 1664 is divided by 260?
104
What is the remainder when 76591 is divided by 25519?
34
What is the remainder when 289474 is divided by 96465?
79
Calculate the remainder when 13529 is divided by 60.
29
Calculate the remainder when 2512 is divided by 91.
55
What is the remainder when 2641419 is divided by 427?
424
What is the remainder when 159181 is divided by 59?
58
Calculate the remainder when 13719 is divided by 1246.
13
Calculate the remainder when 150003 is divided by 1415.
13
Calculate the remainder when 691959 is divided by 2735.
4
What is the remainder when 1133 is divided by 235?
193
Calculate the remainder when 4800 is divided by 1530.
210
Calculate the remainder when 174382 is divided by 18.
16
Calculate the remainder when 92061 is divided by 56.
53
What is the remainder when 1283488 is divided by 45?
43
Calculate the remainder when 1704 is divided by 322.
94
What is the remainder when 252375 is divided by 19?
17
What is the remainder when 6628 is divided by 2208?
4
What is the remainder when 6923 is divided by 1143?
65
Calculate the remainder when 861 is divided by 788.
73
Calculate the remainder when 17678 is divided by 34.
32
Calculate the remainder when 11169 is divided by 737.
114
Calculate the remainder when 19720 is divided by 61.
17
What is the remainder when 24776 is divided by 170?
126
What is the remainder when 5553 is divided by 5484?
69
What is the remainder when 2272 is divid